
What are the prime factors of 9032411?
199, 45389
What are the prime factors of 669863?
669863
What are the prime factors of 8770494?
2, 3, 1461749
List the prime factors of 563830.
2, 5, 56383
What are the prime factors of 1053015?
3, 5, 70201
What are the prime factors of 355420?
2, 5, 13, 1367
List the prime factors of 1284860.
2, 5, 17, 3779
What are the prime factors of 1446104?
2, 11, 16433
What are the prime factors of 1066128?
2, 3, 7, 19, 167
What are the prime factors of 40073616?
2, 3, 11, 937
List the prime factors of 19387757.
71, 273067
What are the prime factors of 20651035?
5, 4130207
List the prime factors of 1079681.
1079681
List the prime factors of 101786.
2, 50893
List the prime factors of 147694.
2, 73847
What are the prime factors of 401408?
2, 7
List the prime factors of 1885379.
23, 81973
What are the prime factors of 17336019?
3, 5778673
List the prime factors of 329740.
2, 5, 16487
List the prime factors of 350461.
97, 3613
What are the prime factors of 10359818?
2, 7, 43, 17209
List the prime factors of 479224.
2, 37, 1619
List the prime factors of 8824197.
3, 449, 6551
What are the prime factors of 43683?
3, 14561
What are the prime factors of 13462063?
41, 328343
List the prime factors of 257330.
2, 5, 25733
What are the prime factors of 6139631?
2309, 2659
List the prime factors of 8099476.
2, 7, 11, 26297
What are the prime factors of 184511?
184511
List the prime factors of 7162650.
2, 3, 5, 11, 1447
List the prime factors of 303690.
2, 3, 5, 53, 191
What are the prime factors of 12272897?
7, 13, 134867
List the prime factors of 12653851.
7, 1807693
List the prime factors of 1165420.
2, 5, 58271
What are the prime factors of 526377?
3, 79, 2221
List the prime factors of 433414.
2, 59, 3673
What are the prime factors of 174482?
2, 7, 11, 103
List the prime factors of 2038667.
1301, 1567
What are the prime factors of 225442?
2, 7, 16103
List the prime factors of 6120985.
5, 13, 94169
List the prime factors of 177935.
5, 19, 1873
What are the prime factors of 1900273?
1900273
List the prime factors of 2517902.
2, 23, 127, 431
What are the prime factors of 7156413?
3, 11, 72287
List the prime factors of 398505.
3, 5, 31, 857
List the prime factors of 1777101.
3, 592367
What are the prime factors of 57721?
197, 293
List the prime factors of 279260.
2, 5, 13963
List the prime factors of 221318.
2, 41, 2699
What are the prime factors of 6215449?
6215449
List the prime factors of 8720136.
2, 3, 13457
What are the prime factors of 276184?
2, 19, 23, 79
What are the prime factors of 627453?
3, 17, 1367
List the prime factors of 516499.
516499
What are the prime factors of 3690827?
7, 75323
What are the prime factors of 47053?
211, 223
What are the prime factors of 2205752?
2, 275719
What are the prime factors of 473057?
13, 36389
List the prime factors of 11920832.
2, 7, 11, 41, 59
What are the prime factors of 13915401?
3, 17, 281, 971
What are the prime factors of 490596?
2, 3, 40883
What are the prime factors of 2855772?
2, 3, 23, 3449
List the prime factors of 296407.
37, 8011
List the prime factors of 5536623.
3, 1845541
List the prime factors of 177428.
2, 44357
What are the prime factors of 7226579?
47, 153757
List the prime factors of 8426165.
5, 11, 23, 6661
What are the prime factors of 157329?
3, 5827
List the prime factors of 2171905.
5, 61, 7121
List the prime factors of 535248.
2, 3, 7, 59
List the prime factors of 3120154.
2, 1560077
What are the prime factors of 416223?
3, 103, 449
What are the prime factors of 4402138?
2, 13, 169313
What are the prime factors of 2728004?
2, 682001
List the prime factors of 2115707.
11, 19, 53, 191
What are the prime factors of 249674?
2, 31, 4027
What are the prime factors of 1129973?
13, 17, 5113
What are the prime factors of 909864?
2, 3, 12637
What are the prime factors of 292102?
2, 146051
What are the prime factors of 21848492?
2, 61, 151, 593
List the prime factors of 155762.
2, 19, 4099
What are the prime factors of 3621471?
3, 7, 331, 521
What are the prime factors of 241907?
241907
What are the prime factors of 405572?
2, 41, 2473
List the prime factors of 631242.
2, 3, 35069
List the prime factors of 13343812.
2, 3335953
What are the prime factors of 1961066?
2, 19, 51607
List the prime factors of 4029219.
3, 53, 8447
What are the prime factors of 16366489?
16366489
What are the prime factors of 17137012?
2, 19, 443, 509
What are the prime factors of 15294993?
3, 7, 728333
List the prime factors of 1234594.
2, 23, 26839
List the prime factors of 520609.
520609
What are the prime factors of 570493?
7, 11, 31, 239
What are the prime factors of 25535?
5, 5107
List the prime factors of 9929543.
13, 763811
List the prime factors of 1337850.
2, 3, 5, 991
List the prime factors of 1030437.
3, 114493
List the prime factors of 7695007.
7695007
List the prime factors of 12842745.
3, 5, 311, 2753
What are the prime factors of 1909981?
1909981
List the prime factors of 4904426.
2, 113, 21701
What are the prime factors of 10783621?
19, 29, 19571
List the prime factors of 2651715.
3, 5, 11, 487
What are the prime factors of 37456776?
2, 3, 7, 3539
What are the prime factors of 1668744?
2, 3, 7, 11, 43
List the prime factors of 10177762.
2, 7, 726983
What are the prime factors of 14796870?
2, 3, 5, 11, 44839
What are the prime factors of 1125696?
2, 3, 11, 13, 41
What are the prime factors of 2256582?
2, 3, 376097
What are the prime factors of 1051452?
2, 3, 29207
List the prime factors of 877092.
2, 3, 73091
List the prime factors of 2210147.
2210147
What are the prime factors of 1610?
2, 5, 7, 23
List the prime factors of 100721.
47, 2143
List the prime factors of 573189.
3, 17, 11239
What are the prime factors of 68871?
3, 11, 2087
What are the prime factors of 10238939?
613, 16703
What are the prime factors of 3875904?
2, 3, 2243
List the prime factors of 1006105.
5, 31, 6491
List the prime factors of 222670.
2, 5, 7, 3181
What are the prime factors of 52736?
2, 103
List the prime factors of 410637.
3, 136879
List the prime factors of 2620713.
3, 873571
List the prime factors of 253909.
253909
List the prime factors of 15081934.
2, 7, 19, 31, 59
What are the prime factors of 1290484?
2, 13, 23, 83
List the prime factors of 826855.
5, 61, 2711
What are the prime factors of 752193?
3, 13, 2143
What are the prime factors of 165384?
2, 3, 2297
What are the prime factors of 2010267?
3, 7, 17, 1877
List the prime factors of 326508.
2, 3, 7, 13, 23
What are the prime factors of 1232576?
2, 19259
List the prime factors of 13480.
2, 5, 337
What are the prime factors of 6245853?
3, 967, 2153
List the prime factors of 459155.
5, 131, 701
What are the prime factors of 9506163?
3, 3168721
List the prime factors of 465216.
2, 3, 2423
List the prime factors of 28080426.
2, 3, 11, 401, 1061
List the prime factors of 805687.
805687
What are the prime factors of 35154?
2, 3, 7, 31
What are the prime factors of 1184323?
7, 89, 1901
List the prime factors of 595078.
2, 11, 2459
What are the prime factors of 330922?
2, 17, 9733
List the prime factors of 195056.
2, 73, 167
What are the prime factors of 2655699?
3, 885233
What are the prime factors of 8035083?
3, 7, 127541
List the prime factors of 147078.
2, 3, 8171
List the prime factors of 12837398.
2, 7, 691, 1327
List the prime factors of 2151708.
2, 3, 13, 1061
List the prime factors of 24272782.
2, 167, 72673
List the prime factors of 228987.
3, 11, 257
What are the prime factors of 9804423?
3, 3268141
List the prime factors of 7694232.
2, 3, 7, 13, 271
What are the prime factors of 12674561?
12674561
What are the prime factors of 9464858?
2, 13, 31, 11743
What are the prime factors of 319533?
3, 43, 2477
List the prime factors of 1403340.
2, 3, 5, 19, 1231
What are the prime factors of 7029319?
11, 59, 10831
What are the prime factors of 8645241?
3, 11, 261977
List the prime factors of 3120384.
2, 3, 17, 239
What are the prime factors of 1052130?
2, 3, 5, 17, 2063
What are the prime factors of 218780?
2, 5, 10939
What are the prime factors of 308702?
2, 154351
List the prime factors of 1408563.
3, 13, 4013
What are the prime factors of 375975?
3, 5, 557
What are the prime factors of 442643?
19, 23297
What are the prime factors of 